ose -2*z = 5*v - 0*v + 5, 2*z + 25 = -v. Is h(z) a composite number?
True
Suppose 4*s + 18 = 6*s. Let v(g) = -4*g**2 + 3 + g**2 + s*g - 6 + 5*g**2. Is v(6) a composite number?
True
Suppose 4*i + 0*i - 64 = 2*x, 0 = -2*i + 5*x + 48. Suppose -3*s = 5*b - i, s + 4 - 7 = -2*b. Let p(g) = -g**3 + 15*g**2 - 18*g - 7. Is p(s) a prime number?
True
Let t(b) = -1458*b + 137. Is t(-4) composite?
True
Let x(a) = -569*a**3 + 2*a**2 + 5*a + 11. Is x(-5) prime?
True
Suppose 28 - 16 = 3*c. Suppose -l + c*l = 3243. Is l prime?
False
Suppose g = 19015 + 23308. Is g a composite number?
False
Suppose -2*o = 4*h - 12, -5*h + o + 6 + 16 = 0. Suppose 3*u - h*u = 0. Suppose -5*q + 2*k + 381 = u, -3*q + 3*k = -2*q - 71. Is q a composite number?
True
Let q(z) be the third derivative of 65*z**4/3 + z**3/2 - 24*z**2. Is q(1) a composite number?
False
Suppose 0 = -2*k - 2*a + 5210, 7*a - 10420 = -4*k + 6*a. Is k prime?
False
Suppose -46*w + 39196 + 11818 = 0. Is w prime?
True
Let j be ((-5)/(-4))/((-3)/(-12)). Suppose 5*f - 3270 = -3*q, -f = f - j*q - 1339. Is f/21 + 2/(-7) a prime number?
True
Suppose -q - i + 5 = 2, -2*i - 29 = -3*q. Let c(b) = 4*b**2 - 13. Is c(q) a composite number?
True
Let u be 50/20 + (-1)/(-2). Suppose w = u, -c - 4*w + 0*w + 135 = 0. Is c a prime number?
False
Suppose -z + 2*z = 801. Suppose -2121 + z = -3*f. Suppose 0 = 4*o + p - 0*p - f, p - 107 = -o. Is o a composite number?
True
Let v be 2/(5 + 2429/(-483)). Let n(s) = 24*s - 10. Let z be n(7). Let b = z + v. Is b prime?
True
Let d = -4479 - -8972. Is d composite?
False
Let u be ((-7)/(-7))/((3/(-2))/(-3)). Is ((-22)/(-4) - u)*168/12 prime?
False
Suppose -57*f + 69*f - 37116 = 0. Is f composite?
True
Let p(w) = w - 1. Let s be p(5). Let c be 2 + -3 - (-82 + s). Suppose -v + 202 = -4*y - c, 2*v - 570 = 5*y. Is v composite?
True
Let d = -460 - -765. Let u = d - 148. Is u composite?
False
Suppose 6*t = -7*t + 65. Is 3/((-75)/(-3470))*t a prime number?
False
Let g(k) be the first derivative of 2*k**2 + 1114*k + 9. Is g(0) prime?
False
Let z(d) = 4*d**2 - 15*d. Let c be z(14). Suppose 2*t - c = 3*m, -3*t + 2*m + 863 = -2*m. Is t a prime number?
True
Let r(j) = 264*j**2 + j - 106. Is r(-9) prime?
True
Let h = 1889 - 1111. Is h a composite number?
True
Let v = -2140 - -6929. Is v a prime number?
True
Is (-47718144)/(-1008) - (-3)/(-7) composite?
False
Let i = 30 - 29. Is i*(2 - (-112 - -1)) a prime number?
True
Let m = 0 - 0. Let k(o) = -o + 415. Is k(m) a composite number?
True
Let p be -2 - (-11 + 0 + 4). Suppose 2*v + 4*a - 18 = 0, -2*v = p*a - 5 - 14. Is 204 - (2 - v)/(-5) a prime number?
False
Is (3*(-6906)/54)/(5/(-165)) prime?
False
Let q = -6859 + 12866. Is q composite?
False
Let h(x) be the first derivative of -x**4/4 - 3*x**2/2 + x + 4. Let m = 8 + -12. Is h(m) a composite number?
True
Let f(a) = 68*a**2 + 39. Is f(7) a composite number?
False
Suppose 4*m = -4*y + 20316 + 25464, 0 = 3*y + 4*m - 34333. Is y composite?
False
Suppose 4*a = -a + 295. Is (2 - (1 - 0))*a a composite number?
False
Suppose -3*a + 3483 = -3*d, -4*a + 4640 = -0*d - 3*d. Is a a prime number?
False
Let v(g) = -g + 7. Let m be v(0). Let l(q) = -4*q**2 + q + 0*q - 3*q + m - q**3. Is l(-6) prime?
False
Suppose -431 - 396 = -g. Let v = g - 408. Is v a composite number?
False
Let r(f) = -4180*f**3 + 2*f**2 + 1. Is r(-1) a prime number?
False
Let l = 14 - 10. Suppose 0 = 5*w - g - 0*g - 2186, 3*w + l*g - 1307 = 0. Is w a composite number?
True
Suppose 2*w + o = 31108, o = 4*o - 6. Is w a prime number?
False
Suppose -3*o = -4*t - 32, 3*o = -2*o - 4*t + 32. Suppose 0*w - w = -o. Suppose 0 = w*j - 3*j - 1015. Is j a composite number?
True
Suppose -2*j - 3*h = -h - 11038, 4*j - 4*h - 22108 = 0. Suppose 27*u = 20*u + j. Is u a prime number?
False
Suppose 9736 = 8*a - 4*a. Is a composite?
True
Let f = 97 - -134. Suppose 0 = -6*g + 4*g - 328. Let l = f + g. Is l composite?
False
Suppose q - 722 = -2*p + 3*q, -351 = -p - 4*q. Is p*(-3 + (-12)/(-3)) a composite number?
False
Suppose 4*t + 768 = -0*t + 4*q, -2*t - q = 399. Let x = -22 - t. Suppose 2*g = -n + 87, 4*g - x = -2*n + g. Is n prime?
True
Let m(w) = 1 + 5703*w**3 - w**2 + 65*w - 129*w + 64*w. Is m(1) a prime number?
False
Suppose -3*g + 434 = 5*i, 184 = 2*i - 5*g + g. Suppose -t + i = 3*t. Let b = t + -12. Is b a composite number?
True
Is (-12)/48*(-4)/1*12721 a prime number?
True
Suppose -p + 4*b = -0*b + 8, -2*p - 2*b = -4. Is p*(-2)/(-4) + 853 a composite number?
False
Let o = -41 + 95. Let q = 29 + o. Suppose -q - 185 = -4*u. Is u composite?
False
Let n be (2 - 5) + -6*(-5 - -2). Let j(s) = 2*s**2 - 15*s + 37. Is j(n) a prime number?
False
Let t = 2594 + -1563. Suppose o - g = 28 + 314, -t = -3*o + 2*g. Is o a prime number?
True
Let p(r) = r**3 + 5*r**2 + 5*r + 2. Let u be p(-3). Let o = 5 - 5. Suppose -57 = -2*q + 3*z, o = u*q - 4*q + 2*z - 39. Is q a prime number?
False
Suppose 2*c = 6*c. Suppose -2*w - z + 663 = c, 1164 = 5*w + 5*z - 481. Is w a composite number?
True
Let w = -86 + 178. Suppose -4*v + 1584 = w. Is v prime?
True
Let t = -1765 + 1256. Let f = t - -1012. Suppose -5*z - 108 = -f. Is z a prime number?
True
Let o be (-1 - -7)*(-70)/(-20). Suppose o*f = 25*f - 1556. Is f composite?
False
Let y = -350 + 342. Let g(b) = -b**2 - b - 5. Let k be g(6). Let u = y - k. Is u composite?
True
Is (-1)/(-2)*(18 - 11*-1000) a composite number?
True
Suppose 0*q + 4395 = 15*q. Is q a composite number?
False
Let n(t) = t**3 + 4*t**2 + 3*t + 1. Let l be n(-2). Let o be 4/6 + -8135*8/(-120). Suppose 0*f - o = -l*f. Is f a composite number?
False
Suppose 0 = -26*n - 20*n + 353326. Is n a prime number?
True
Suppose -4*s = -12 - 8. Suppose -10955 = -s*g - 5*t, 5*g - 1901 - 9048 = -2*t. Is g a prime number?
False
Let n(g) = 15*g**2 - 5 - g + 0*g**2 - 7*g. Is n(-6) a prime number?
False
Let n(o) be the third derivative of o**6/720 + 19*o**5/40 - o**4/4 + 3*o**2. Let b(s) be the second derivative of n(s). Is b(0) a composite number?
True
Suppose -2*c + 2260 = -u + 85, -c + 1083 = 4*u. Is c a composite number?
False
Suppose h = -0*h - 12. Let r(x) = 4*x**2 + 17*x + 13. Let p be r(h). Suppose -l + 2*d + p = -d, 3*l - 1175 = -d. Is l composite?
True
Suppose 44*o - 2736060 = 1199432. Is o composite?
False
Suppose 189*x - 177*x = 18516. Is x a prime number?
True
Suppose 0 = -75*w + 59*w + 596912. Is w a composite number?
False
Let d(z) = 4*z**3 + 11*z**2 + 6*z + 18. Let u(q) = q**3 + q**2 + 1. Let m(w) = -d(w) + 5*u(w). Is m(12) a composite number?
True
Suppose -74*w + 20*w + 1015470 = 0. Is w prime?
False
Let m = 5338 - 1259. Is m composite?
False
Let b(c) = -4*c + 11. Let d(v) = 1. Let m(t) = b(t) + 6*d(t). Is m(-9) composite?
False
Suppose 10*c = -1322 + 3792. Is c prime?
False
Let q be ((-1)/2)/((-4)/32). Suppose -z = -t - q, -2*t - 3*z + 0 = -12. Let s = t - -11. Is s prime?
True
Let a(z) = 5*z**2 + 9*z - 3. Let c = -15 - 2. Let v = c - -6. Is a(v) prime?
True
Suppose 5 = -5*r - 20, -252 = -4*b + 4*r. Is b a prime number?
False
Let i = 490 + -335. Is i composite?
True
Suppose 0 = -79*c + 99*c - 209980. Is c a prime number?
True
Suppose -4*x + 47446 = -3*s, 2*s - 68021 = -5*x - 8702. Is x prime?
True
Let w(c) = 3243*c**3 + 2*c + 6. Is w(3) prime?
False
Suppose -5*j - 4594 + 13389 = 0. Is j prime?
True
Suppose -7*u = -u - 120. Suppose -5*z = 2*s - u, -4*s = 3*z - s - 21. Is 23 - 1 - (z - -1) a composite number?
False
Let a = -1612 - -3522. Suppose -u - j = -384, 9*u + 3*j = 4*u + a. Is u composite?
False
Let s be (-9)/18 + 3898/4. Is (-15 + 13)/((-4)/s) prime?
True
Let b(t) = -t**2 + t + 1. Let s = -21 - -18. Let p(v) = 4*v**2 - 19*v - 22. Let a(y) = s*b(y) - p(y). Is a(14) a composite number?
False
Suppose 0 = -y + 1814 - 525. Suppose -5*l - i + y = 0, 3*l = l - 5*i + 511. Suppose l = 5*c - 137. Is c prime?
True
Let a(y) = y**3 - 15*y**2 + 11*y + 28. Let p be a(14). Let b = p - -91. Is b composite?
True
Let m = 27241 + -626. Is m composite?
True
Suppose -42*k + 50*k - 6632 = 0. Suppose k = 7*m - 2020. Is m prime?
False
Let u = -5 - -10. Suppose 3*x + 13873 = u*m, -4*m = -5*x - 973 - 10115. Is m prime?
True
Suppose -4*a = -6*a - 4. Is 13*29 - (-3 + (1 - a)) a prime number?
False
Is ((-22)/(-6) - 5)/(28/(-309561)) a prime number?
True
Is -49 + 56 + (-16810)/(-1) a prime number?
